120. Calculate the highest common divisor of 208 and f.
16
Let r be (38/(-6) + 1)*84/(-8). Suppose -a - r = -15*a. Suppose k = 2*t, 2*k - 2*t - t - a = 0. Calculate the greatest common divisor of k and 1.
1
Let n = -24555 + 28662. Calculate the greatest common factor of 333 and n.
111
Let x(o) = 336*o**2 - 14*o + 16. Let f be x(2). What is the greatest common factor of f and 72?
36
Let t be 4438/21*(-6)/(-4). Let q = -16 + t. Let v be (-45 + 2)/(0 + -1). What is the highest common factor of v and q?
43
Suppose 0 = -2*y + 5*l + 253, 0*y - 3*y = -4*l - 390. Let h = 160 - y. What is the greatest common divisor of h and 39?
13
Suppose 0 = 19*d - 24*d - 21*d + 23660. What is the greatest common factor of 1890 and d?
70
Let c = 2638 + -904. Calculate the highest common factor of c and 1122.
102
Suppose -21 + 73 = -11*c - 91. Let h = -22 - -13. Let l = h - c. What is the highest common factor of 10 and l?
2
Let j(z) be the first derivative of -z**3/3 + 19*z**2/2 + 616*z - 36. Let s be j(0). What is the greatest common divisor of 8 and s?
8
Let w be 158/(6/(-1809)*1*-9). Calculate the greatest common divisor of w and 67.
67
Let m(s) = 12*s - 43. Let o = 672 + -668. Let i be m(o). Calculate the greatest common factor of i and 535.
5
Suppose -43*d + 96*d - 2014 = 0. What is the highest common divisor of 3002 and d?
38
Let f(p) = -23*p + 55. Let q be f(34). Let w = -719 - q. What is the greatest common factor of w and 368?
8
Let k(x) = 13*x - 52. Let g(v) = -12*v + 53. Let d(f) = 3*g(f) + 4*k(f). Let y be d(12). What is the greatest common divisor of 22 and y?
11
Let o(b) = b + 86. Let q be o(8). Let i = q - 16. What is the greatest common factor of 273 and i?
39
Let c(f) = -f**3 + 4*f**2 + 4*f + 1. Let j be c(3). Let b(l) = -338*l - 959. Let m be b(-3). What is the highest common divisor of j and m?
11
Let y be (-4)/(-26) + 8*(-16)/(-13). Suppose 23 = 5*b - 77. Suppose d + b = x, 4*x - 2*d = -0*d + 70. Calculate the highest common divisor of x and y.
5
Suppose -497*y + 232*y = -55120. What is the highest common divisor of 36 and y?
4
Let q = 3719 - 3659. Let v be 1*3 - 84/(-2). What is the highest common factor of v and q?
15
Suppose -2*i + 46 = -4*p, -5*p - 2*i = i + 52. Let g = -9 - p. Calculate the greatest common factor of g and 14.
2
Suppose 8*t - 108 - 1665 - 1827 = 0. Calculate the highest common divisor of 12375 and t.
225
Let w be 16 + (-12 - 7) + 115. What is the highest common divisor of 12208 and w?
112
Let t(f) = -1405*f + 4222. Let p be t(3). Let y = -8 + 43. Calculate the greatest common factor of y and p.
7
Let y(c) = 38*c**2 - 23*c**2 + c + 0 - 2. Let z be y(-2). What is the greatest common divisor of 98 and z?
14
Let k = -309 + 358. Suppose -3*i - 23 = -4*i + 5*z, k = 3*i + 5*z. What is the greatest common divisor of i and 306?
18
Suppose -137*k = -316*k + 860632. What is the highest common factor of k and 24?
8
Suppose -5 = 4*v + v, 5*v - 55 = -5*a. Let s be -7 + 2 + 4925/25. Let i be s/(-80)*(-25)/2. What is the greatest common divisor of i and a?
6
Let t(f) = -291*f + 58. Let u be t(0). What is the highest common factor of u and 2233?
29
Let w = 34412 + -34376. Let v be ((-4)/5)/((-2)/10). Calculate the greatest common divisor of w and v.
4
Let t = 9 - 1. Suppose -3*x = -4*f + 5 + 4, -3*f + 2*x = -8. Suppose 20*i = 17*i + f. Calculate the greatest common divisor of t and i.
2
Let g = 3389 + -1101. What is the greatest common factor of 440 and g?
88
Suppose -389 = -20*h - 149. Suppose -h*z - 300 = -18*z. What is the greatest common factor of 10 and z?
10
Let b(n) = 18*n**2 + 32*n + 32. Let d be b(-1). Let o(s) = -2*s**2 + 46*s + 20. Let a be o(d). What is the greatest common factor of 50 and a?
50
Suppose 0 = -l + 3*g - 22 + 13, -5*l - 4*g + 31 = 0. Let t be -3 + l/((-9)/(-471)). What is the greatest common divisor of 33 and t?
11
Let f be (18396/(-1095))/(6/(-18405)). What is the highest common divisor of 126 and f?
126
Suppose 0 = -5*m + 2*m + 15. Let t = 75 + 50. Suppose 454*f = 459*f - t. What is the highest common factor of f and m?
5
Let m = 200 - 256. Let n = m + 109. What is the greatest common factor of n and 424?
53
Let k be (-2)/4 + (-1236)/(-8). Let u = 22 + -22. Suppose -2*i + 44 = -u*i. Calculate the greatest common divisor of i and k.
22
Let z(t) = -6*t + 58. Let p be z(9). Suppose 222 = -p*k + 734. Calculate the highest common divisor of 16 and k.
16
Suppose -2712 = -160815*i + 160702*i. Let c(z) = z**2 + 2*z - 3. Let n be c(3). What is the highest common divisor of i and n?
12
Let v = -40 + 35. Let s(w) = w**3 + 6*w**2 + 4*w + 5. Let l be s(v). Let a = -13 - -23. Calculate the greatest common factor of l and a.
10
Let z be 1846/284*(-148)/(-40)*-4*-5. Let i(o) = 2*o + 5. Let b be i(4). What is the greatest common factor of b and z?
13
Let r = -328 + 420. Suppose -150 - r = -2*y. Calculate the greatest common factor of 55 and y.
11
Suppose 35*d = -23*d + 29*d + 5104. Suppose 3*n = -2*n + 20. Calculate the greatest common divisor of d and n.
4
Let a(m) = -129*m - 103. Suppose 5*t - 7*i + 10 = -11*i, -4*i = 4*t + 8. Let l be a(t). What is the greatest common divisor of l and 62?
31
Suppose -220 = -4*d + 4*y, -6 = 15*y - 16*y. Calculate the greatest common factor of 4087 and d.
61
Let z(n) = -2*n**3 - 9*n**2 - 11*n - 1. Let w be z(-5). Let j = w - 26. Calculate the greatest common factor of j and 212.
53
Suppose 0 = -75*g + 67*g + 2976. Calculate the highest common divisor of 434 and g.
62
Let a(b) = 7*b**2 - 3*b**3 + b**2 - 1 - 4*b**2 - 13*b. Let q be a(-5). What is the highest common divisor of q and 49?
49
Suppose 201 = 2*k - 5*j, -3*k - 2*j = -426 + 134. Suppose u - 4*o = 1, -4*o + 8*o = -4*u + 104. What is the highest common factor of k and u?
7
Suppose 129 = 4*i + 53. Let r = 11 - 3. Suppose 4*k - 111 = -r*f + 3*f, -2*f + 18 = -5*k. Calculate the greatest common factor of f and i.
19
Let r be ((-36)/855)/(4/10) + (-104084)/(-19). What is the highest common factor of r and 44?
22
Let w = 9885 + 57437. Calculate the highest common factor of w and 82.
82
Suppose 0 = 8*u + 8*u - 5*u - 2200. What is the highest common factor of u and 12800?
200
Suppose 0 = -4*b + 5*i + 4294, -6*b = -5*b + 2*i - 1067. Suppose -35*d + b = -28*d. What is the greatest common divisor of 34 and d?
17
Let j(v) = -4*v - 6. Let x be j(-6). Suppose 2*y - 76 = -2*f + 6*y, -2*y = f - x. Let d = 0 + 14. Calculate the greatest common divisor of d and f.
14
Let d = -29113 - -29133. Let o be 5/(-3)*-2*6. Calculate the greatest common factor of d and o.
20
Suppose 11 = -2*f + 213. Let v = 104 - f. Suppose -n - 76 = -3*i + 2*i, -v*i = -n - 232. What is the greatest common divisor of i and 6?
6
Let h = 643 - 647. Let w be (h/6)/((-682)/(-171) + -4). What is the highest common factor of 361 and w?
19
Let w be (-24)/(-15)*30/12. Suppose a - w = 2*z + 8, z + 36 = 3*a. Calculate the greatest common divisor of a and 18.
6
Suppose -292*y + 272*y = -5500. Suppose 0 = i - 4*i. Suppose i*t - 5*f = t - 15, -3*f - 6 = 0. Calculate the greatest common divisor of t and y.
25
Let z be 943/46 + 2/4. Suppose 5*d + z = 31. Suppose 2*g = 4*l - 186, d*l + 182 = 6*l + 2*g. Calculate the greatest common divisor of l and 115.
23
Let w be -24*6/(-9) + 767. Calculate the greatest common divisor of 406 and w.
29
Let z be (230/(-30) - -9)/(2/69). What is the highest common divisor of 34 and z?
2
Suppose -17*b - 186 = -20*b. Suppose 68 = v + b. Let h(c) = c**2 - 6*c + 5. Let k be h(v). Calculate the highest common factor of k and 3.
1
Let t(k) = -4*k**2 + 110*k + 21. Let v be t(27). What is the greatest common divisor of 5475 and v?
75
Suppose -7*z - 260 = -7*z - 52*z. Calculate the greatest common divisor of 235 and z.
5
Suppose 8*f - 3 - 181 = 0. Suppose -380 = -4*o - 4*m, 2*m - m = 2*o - 181. Suppose 2*a + 2*a = o. Calculate the highest common factor of a and f.
23
Let o(j) = j**2 + 7*j + 9. Let b be o(-7). Let c = 247 - b. What is the greatest common factor of c and 14?
14
Let k = 922 + -545. Calculate the greatest common divisor of k and 104.
13
Let k be ((-2)/6)/((-9)/32562). Calculate the highest common divisor of 536 and k.
134
Suppose 0 = 4*x + x - 10. Let d(w) = w**2 - 23*w + 74. Let i = 77 - 57. Let y be d(i). What is the highest common divisor of x and y?
2
Let b b